late the greatest common divisor of m and 85.
17
Let g(d) be the first derivative of d**2/2 + 4*d - 9. Let k be g(-2). Suppose -4 = -2*t - k*t. What is the greatest common divisor of t and 5?
1
Let k be (-33)/2*40/(-30). Let i = 1 - -3. Let l be -99*(i/6 + -1). What is the greatest common divisor of l and k?
11
Suppose 3*q - t = 41, -4*q - 2*t = q - 72. What is the greatest common factor of 63 and q?
7
Suppose 20*p + 85 = 25*p. Calculate the greatest common factor of 272 and p.
17
Let r be (4 - -1)/1 + (-570)/(-6). What is the highest common factor of 30 and r?
10
Suppose 4*m = -19 - 1, 4*m = 5*o - 95. Let j be (-33)/4*64/(-12). Let a = 1 + j. What is the highest common factor of a and o?
15
Let z(i) = i**3 + 10*i**2 - 4*i + 17. Let d be 10/(3 + 0 + -4). Let x be z(d). Calculate the highest common factor of 19 and x.
19
Let m(j) = -5*j - 464 + 3*j**2 + 461 - j. Let v = -9 - -6. Let w be m(v). What is the highest common divisor of 6 and w?
6
Let l(c) = -2*c + 12. Let b be l(3). Suppose -b*p + 2*p = -416. Let j = 3 + 10. What is the greatest common divisor of p and j?
13
Let s be 4/6 - 110/(-15). Let v be 271/13 + s/52. Suppose 2*j - q - v = -0*q, -j = -4*q + 7. Calculate the greatest common factor of j and 65.
13
Let h(r) = 213*r - 1. Let j be h(-1). Let o = j - -376. Calculate the greatest common factor of o and 18.
18
Let j(f) = -761*f + 4764. Let o be j(6). Let w = -21 - -39. Calculate the highest common divisor of w and o.
18
Let v be 2/((0 + 1)/3). Let d be (2/(-2))/(v/(-750)). Let q = -6 - -31. What is the greatest common factor of q and d?
25
Let l be (37/3)/((-18)/(-216)). What is the greatest common factor of l and 4?
4
Let j be (-12 - -13)*(-1 - -181)/1. Calculate the greatest common divisor of 72 and j.
36
Suppose n - 5 + 10 = 0. Let j be 28 + 4/(-3 - n). Suppose -r - 4*r + 60 = 0. Calculate the highest common divisor of j and r.
6
Let b = -21 - -23. Let s be 1*b*21/14. Suppose -s*t + 150 = 2*t. What is the highest common divisor of t and 5?
5
Let x(z) be the second derivative of 25*z**3/6 - z**2/2 - 4*z. Let u be x(1). Let s be 22/4*19/((-627)/(-36)). What is the greatest common factor of u and s?
6
Let h(o) = 4*o**2 - 2*o + 66. Let u be h(9). Calculate the greatest common factor of 96 and u.
12
Suppose -5*h = -28 - 172. Let z be (4 + (-75)/20)*0. Suppose -2*c + 87 = 4*w - 37, z = 4*w - 4. Calculate the highest common factor of c and h.
20
Let h = 544 + -520. Calculate the greatest common divisor of 456 and h.
24
Suppose 10 = 17*o - 24. Let u be (1 + o/6)*180. What is the highest common factor of 16 and u?
16
Let t = 7 + -2. Suppose 5 = 5*p, -t*p + 69 = 5*g - p. Let m = 38 - -66. Calculate the highest common factor of m and g.
13
Let k(m) = m + 24. Let s be k(6). Calculate the highest common divisor of s and 150.
30
Let l be (31 + -17)/(4/6). What is the highest common factor of 525 and l?
21
Let w be (-1716)/(-77) - (-2)/(-7). Suppose -5*a = 4*u - w, -a = u + 4*a - 13. Let i = u - 1. What is the greatest common divisor of i and 14?
2
Let u be 42 - (-1)/(-5)*0. Suppose -m = m - 2*a - 42, 2*a = -2*m + 54. Calculate the greatest common factor of u and m.
6
Let a(b) = -8 + 6*b - 12*b - 19*b + 2*b**2. Let s be a(13). What is the greatest common factor of 5 and s?
5
Suppose -12*l + l = -2057. Calculate the highest common factor of l and 99.
11
Let j(r) = 4*r**2 - 5*r + 3. Let l be j(3). Suppose -l = -4*w + w. Suppose -k + w = 4. What is the greatest common divisor of k and 6?
2
Let k(v) = -v. Let p(o) = o**2 - 10*o - 8. Let d(u) = -22*k(u) + 2*p(u). Let c be d(6). What is the highest common factor of c and 170?
34
Suppose -y = f - 0*y - 3, -4*f = -4*y - 36. Calculate the greatest common divisor of 2154 and f.
6
Suppose 4*x - 43 = 5*w, 2*x - 3*x + 19 = -4*w. Calculate the greatest common factor of x and 1.
1
Suppose -2*o = 4*f + 3*o - 220, o - 296 = -5*f. What is the greatest common factor of 150 and f?
30
Let y(p) = -p**2 + 86*p - 617. Let v be y(8). What is the greatest common divisor of 1267 and v?
7
Suppose 4*d - 141*z = -139*z + 60, 3*z = -5*d + 97. Calculate the highest common factor of d and 306.
17
Let h be 36/(-12) + 1 + 5. Let x be (-7)/2 + h/6 - -223. What is the highest common divisor of 20 and x?
20
Let b(x) = 57*x**2 + 15*x + 12. Let z be b(-1). What is the greatest common factor of z and 135?
27
Suppose f = m + 35, -2*m + 35 = 2*f - 55. Calculate the greatest common factor of 90 and f.
10
Let p be (369/36)/((-4)/(-32)). What is the highest common factor of p and 287?
41
Suppose -1 = -q + 64. What is the highest common divisor of 104 and q?
13
Suppose -26*d = -21*d - 225. Calculate the greatest common factor of d and 195.
15
Let t(u) = u**2 - 21*u + 142. Let n be t(11). Calculate the greatest common factor of 432 and n.
16
Suppose -4*u = -x - 536, u - 2*u - x + 134 = 0. Calculate the highest common divisor of 2 and u.
2
Suppose 0 = -35*n + 1139 - 89. What is the greatest common factor of n and 480?
30
Let w = 91 + -21. What is the greatest common factor of w and 14?
14
Suppose c - 70 = -n - 8, c = -2*n + 59. What is the greatest common factor of c and 13?
13
Let q(a) = -a**2 + 158. Let r be q(0). Let f = 316 - r. Suppose -f = -3*s + 82. Calculate the highest common factor of s and 10.
10
Suppose 4*b - 71 - 93 = 0. Let m = 59 - b. Calculate the highest common divisor of 126 and m.
18
Suppose 109 = 4*d - 5*a - 22, 73 = 2*d + 5*a. Suppose 8 = r - 3*b - d, -4*r = b - 142. What is the greatest common divisor of r and 18?
18
Suppose -j - 33 = -6*j - 4*o, -15 = -j - 5*o. Let n = 163 - 155. Suppose -j*g + 40 = -0*d + 5*d, -5*d = -g + n. What is the highest common factor of g and 48?
8
Let w = -24 - -24. Suppose 4*b - 232 - 164 = w. What is the greatest common divisor of 11 and b?
11
Suppose 4*i + 4*d = -444, 3*i - 112 = 4*d - 452. Let z = i + 127. Calculate the highest common divisor of 90 and z.
15
Suppose -23*n + 2 = -22*n. Suppose 5*w - i = 106, 0 = w - 2*i - 16 + n. Calculate the greatest common divisor of w and 22.
22
Let w be (-10)/15 - 20/(-3). Let l be (-30)/w*16/(-10). Suppose -117 - 4 = -2*d - 5*m, -3*d = -3*m - 129. What is the greatest common factor of d and l?
8
Suppose -3*n + 2*g + 102 = -78, -4*n + 247 = -5*g. What is the greatest common factor of 145 and n?
29
Let h be (1 - -2)*78/9. Let y = 0 + h. What is the greatest common divisor of y and 26?
26
Let q = -286 - -314. Calculate the highest common factor of 532 and q.
28
Let p = 1196 - -96. What is the greatest common divisor of p and 38?
38
Suppose -9*z - 6 = -7*z. Let a be (-22)/(-4)*(-54)/z. Let t = -14 - -23. What is the highest common factor of a and t?
9
Let m = -33 - -10. Let k = -13 + m. Let o be (k/7)/(6/(-28)). Calculate the greatest common divisor of 96 and o.
24
Let h be (4 + -2)*(0 - 1). Let x be (3/h)/(4/(-48)). Let s = 47 - x. Calculate the highest common divisor of 232 and s.
29
Let z(x) = 3*x - 1. Let l be z(-8). Let i = -15 - l. Let t(g) = -g**3 + 5*g**2 - g. Let f be t(3). What is the greatest common divisor of i and f?
5
Suppose 269*c - 264*c - 1645 = 0. Calculate the highest common divisor of c and 21.
7
Suppose t = 4*a + 3*t - 166, 0 = t - 5. Let x = a + -14. What is the greatest common factor of 200 and x?
25
Let y(i) = -10*i - 205. Let n be y(-21). Suppose -t + 11 = -2*p - 39, 2*t + 4*p = 60. Calculate the greatest common factor of t and n.
5
Let j be (399/76)/(3/16). What is the highest common factor of 112 and j?
28
Suppose -3*b + 4*d = -2*b - 48, -5*d = 20. Let h = 2 - -14. What is the highest common divisor of b and h?
16
Let t(c) = -4*c**3 - 3*c**2 + 2*c - 3. Let y be t(-6). Suppose y = 5*z - 564. What is the highest common factor of 29 and z?
29
Let f = -4 - -138. Calculate the greatest common factor of 335 and f.
67
Let g be (3/(-4))/(2/(-8)). Let p = 250 - 172. Suppose 3*h - 5*h + 40 = c, -4*h = 3*c - p. Calculate the greatest common factor of h and g.
3
Let q be (1 - (0 - -1)) + 307. Let z = -160 + q. Let b = -41 + 62. Calculate the greatest common factor of b and z.
21
Let c be (96*-2)/((273/(-28))/13). Calculate the highest common divisor of 16 and c.
16
Let p = -118 + 118. Suppose p*z - 2*z + 2 = 0, -m + 5*z - 2 = 0. Calculate the greatest common factor of m and 75.
3
Suppose -5*c = -5, -2*z - 3*c + 1161 = 2*c. What is the hi